 m + 3*m + 136, 151 = s*a + m. Let w = a + -29. Calculate the remainder when w is divided by 12.
9
Let n = 10 + -8. Suppose -6*r + 2*r - b = -19, -n*r = -5*b + 7. What is the remainder when 3 - (-2 - (0 + 6)) is divided by r?
3
Let q(r) = -135*r - 2. Calculate the remainder when q(-3) is divided by 58.
55
Let c(g) = -15*g**3 - g - 2. Let o(p) = p**2 - 3*p - 2. What is the remainder when c(-1) is divided by o(5)?
6
Suppose 3*l + j - 50 = 0, -3*l + 0*l + 46 = 5*j. What is the remainder when 40 is divided by l?
6
Let q = 74 - 128. Suppose 0 = 2*l - 2*x + 76, -3*l + 18 = -4*l - 3*x. Let z = l - q. Calculate the remainder when z is divided by 11.
10
Let x(b) = -b**3 + 5*b**2 - 5*b + 9. Let g be x(4). Suppose 16 = 2*a - 4*n, -a + g*n = 2*a - 28. What is the remainder when 42 is divided by a?
10
Suppose 5*b - 4*y + 317 = 907, 354 = 3*b + 3*y. Suppose 0 = -9*h + 13*h - 40. What is the remainder when b is divided by h?
8
Let i = 81 + -46. Calculate the remainder when i is divided by 2.
1
Suppose 0 = 2*j + s - 297 - 38, -4*j + s + 673 = 0. What is the remainder when j is divided by 57?
54
Suppose 33 = -2*s + 3. Calculate the remainder when (-20)/s - 544/(-6) is divided by 32.
28
Suppose f - 11 = -2. Let l(b) = -b**3 + 5*b**2 - b + 5. Let c be 28/6 + (-4)/6. What is the remainder when l(c) is divided by f?
8
Let r(c) = -16*c - 19. Calculate the remainder when 103 is divided by r(-2).
12
Let v(p) = 2*p**2 - 3*p + 4. Let b be 2/10 + (-312)/60. Suppose -s + 3*r + 10 + 20 = 0, 2*s + 2*r - 28 = 0. What is the remainder when v(b) is divided by s?
15
Let f(l) = 8*l**3 - 11*l**2 + 22*l - 91. What is the remainder when f(5) is divided by 108?
96
Let p(d) = 83*d - 11. Calculate the remainder when 427 is divided by p(1).
67
Let w = 6 + -3. Suppose 0 = -b - 2*b + 21. Calculate the remainder when b is divided by w/2 - (-5)/10.
1
Suppose 0 = 10*c - 31*c + 84. Calculate the remainder when 58 is divided by c.
2
Suppose 0 = -10*k + 662 - 172. What is the remainder when 138 is divided by k?
40
Suppose 3*u - 17 = 4. Let f = u - -8. What is the remainder when f is divided by 6 - ((-3 - -3) + 3)?
0
Let k = -1502 + 1717. Calculate the remainder when k is divided by 49.
19
Let z be (18/(-21)*1)/(2/(-14)). Suppose 2*o - 106 = 3*u - z*u, 148 = 4*u + 4*o. Calculate the remainder when u is divided by 11.
10
Let q(d) = -38*d - 109. Calculate the remainder when 1030 is divided by q(-4).
41
Let y(u) = u**2 - 25*u - 357. Calculate the remainder when y(-11) is divided by 27.
12
Let h(f) = -8*f + 115. What is the remainder when 69 is divided by h(10)?
34
Let y = 17 - 19. Calculate the remainder when (-201)/(-18) + y/12 is divided by 6.
5
Let c(x) = 2*x**2 - 4*x**2 + 3*x**2 + 0*x**2 + 7 - 3*x. What is the remainder when 18 is divided by c(4)?
7
Let i = -672 - -1319. Calculate the remainder when i is divided by 59.
57
Suppose 13 = 4*c - 0*c - 3*u, 3*u = 3. Suppose -3*k + 107 = c*d, 2*k - d + 4 = 68. Calculate the remainder when 63 is divided by k.
30
Suppose 162 = l + 3*i + 54, -4*l + 392 = 4*i. What is the remainder when 203 is divided by l?
17
Suppose -7 = 8*s - 111. Calculate the remainder when 47 is divided by s.
8
Let n = 1 - -1. Suppose -14 = 3*i - 32. Suppose 3*y + 0*u + 5*u = 27, -3*y + 2*u = -i. Calculate the remainder when y is divided by n.
0
Let w(k) = 2 + 2*k**2 - 8*k + 9 - 3 - 3. Calculate the remainder when 15 is divided by w(4).
0
Suppose -227 + 1298 = 51*o. Calculate the remainder when 91 is divided by o.
7
Suppose -3*d - 2*j = -178, 628*d + 298 = 633*d + 2*j. What is the remainder when 3*(-2)/(-3) - -233 is divided by d?
55
Let o(b) = -b**3 + 5*b**2 + 3*b + 3. What is the remainder when 3/6 + 735/6 is divided by o(4)?
30
Let n(j) = 3*j - 3. Let w be n(-3). What is the remainder when 29 is divided by (45/(-20))/(w/32)?
5
Let a = -63 - -101. Let x = a + -54. Let o = x - -36. What is the remainder when o is divided by 6?
2
Let c = 289 - 276. What is the remainder when 47 is divided by c?
8
Let w = -9 + 30. Suppose -h = 2*h - w. Calculate the remainder when h is divided by 2.
1
Suppose 0 = 4*z - 2*x - 70, -5*x = -0*z + z + 10. Let r = -2206 - -2234. Calculate the remainder when r is divided by z.
13
Let x = -16 - -20. Suppose q + 36 = 3*n, n - x = -0*q + 3*q. Calculate the remainder when n is divided by 10 - -1*2*-1.
5
Suppose 0 = 12*s - 6*s - 246. Calculate the remainder when s - 3/((-15)/(-10)) is divided by (16 - -1) + 9 + -12.
11
Let l be 3*3/(-9) + 5. Calculate the remainder when 30 is divided by (-6)/l + (-25)/(-2).
8
Let g = -141 + 29. Let t = 1 - g. Suppose 2*f - 23 - 99 = -4*h, -4*h = -f - t. Calculate the remainder when 86 is divided by h.
28
Let a(i) = 4*i + 77. Let u be a(-23). Calculate the remainder when (-20)/u*177/4 is divided by 18.
5
Suppose 0 = 5*n + 4*d - 190, -3*d + 39 = n - 2*d. What is the remainder when n + (-10)/(9 - 4) is divided by 5?
2
Let n(v) = 34*v - 1. Let y = 15 + -10. Suppose -73 = -3*u + o, -y*u + 2*o + o = -127. What is the remainder when n(2) is divided by u?
21
Let y = 596 - 588. What is the remainder when y is divided by 2?
0
Let r(k) be the second derivative of k**4/12 - k**3/3 + 12*k**2 + 34*k. What is the remainder when r(7) is divided by 32?
27
Let o be ((-102)/(-30) + -3)/((-2)/20). Calculate the remainder when o + (-2)/2*-35 is divided by 9.
4
Let o(w) = -2*w**3 - 2*w**2 - 5*w - 3. What is the remainder when 99 is divided by o(-1)?
1
Let l(u) = 49*u + 14. Let w be l(-6). Calculate the remainder when w/(-12) - (10/(-6) - -1) is divided by 14.
10
Suppose 6*y = 253 + 29. Suppose -q = -5, -2*k - 5*q + y = -0*k. What is the remainder when 53 is divided by k?
9
Let f be (0 + -1)*-1 + 4. Suppose -f*s = -2*s - 15. Suppose -q + 6*g - 4*g + 5 = 0, s*g = q - 8. Calculate the remainder when q is divided by 2.
1
Let f = 714 + -549. What is the remainder when f is divided by 80?
5
Suppose -4 = -y + 15. Suppose -8*k - 24 = -5*k. Let m = k + y. Calculate the remainder when m is divided by 6.
5
Suppose 7*q + 6 = 10*q. Suppose -i = -4*x - 2, -2*x + 4 = -4*x + 2*i. Let o = x + 1. What is the remainder when q is divided by o?
0
Let h be -2*4*7/(-2). Let n = -2 - 15. Let d = h + n. What is the remainder when d is divided by 4?
3
Let d be ((-81)/6)/9*4. Calculate the remainder when d + 94 - (1 - 0)*1 is divided by 23.
18
Suppose 6*u + 190 = 16*u. Calculate the remainder when u is divided by 10.
9
Suppose -58 + 2 = -4*j. Calculate the remainder when 91 is divided by (-5232)/(-112) + -1 + 18/j.
44
Let u(v) = 6*v - 5*v + 3*v - 5 + 2*v**2. Let a = 43 + -47. Calculate the remainder when 31 is divided by u(a).
9
Let p = -134 - -274. What is the remainder when p is divided by 37?
29
Suppose z = -3*h + 2, -3*z + 3*h + 30 = -0*z. Let n(l) = 31*l**2 + l + 1. Calculate the remainder when n(-1) is divided by z.
7
Let v = 345 - 310. Let p(h) = h**2 + 6*h - 7. Calculate the remainder when v is divided by p(-9).
15
What is the remainder when 9/6*(136 + (-4 - 2)) is divided by 67?
61
Let o(r) = -2*r + 24. Let s be o(-10). Suppose -x = -5*x + s. What is the remainder when 19 is divided by x?
8
Let f = 564 - 561. Calculate the remainder when 56 is divided by f.
2
Suppose -26 = -2*j + 4*d + 6, 0 = -4*j + 2*d + 34. Let n(l) = 16 + 2*l**3 - 3*l**3 - 2*l**2 - l + 11. Calculate the remainder when n(0) is divided by j.
3
Suppose 5*t = 2*t + 174. Let p(f) = f**2 + f - 1. Let k be p(-10). Let d = k - 69. Calculate the remainder when t is divided by d.
18
Suppose 24*n + 90 = 26*n. Calculate the remainder when n is divided by 3.
0
Let j be (2 - 3)/(3/(-147)). Let p = 51 - j. Calculate the remainder when p is divided by 2.
0
Let x = 86 + 22. Let p = -2382 + 2404. Calculate the remainder when x is divided by p.
20
Let l(z) be the second derivative of -z**5/20 + z**4/4 + z**3 - 2*z**2 - 13*z. What is the remainder when -2 - 65/1*-1 is divided by l(-3)?
31
Calculate the remainder when 48 + 45*9/45 is divided by 46.
11
Let p(y) = -2*y**2 + 19*y - 13. Let w be p(8). Suppose 128 = w*c + 5*c. What is the remainder when 15 is divided by c?
7
Suppose -18*g + 253 = -17. Calculate the remainder when 43 is divided by g.
13
Let j = -9 + 16. Suppose 4*u - 13 = j. Suppose u*q - 5 = 30. What is the remainder when 24 is divided by q?
3
Suppose -42 + 14 = 4*q. Suppose 5*p = -0*p + 85. What is 